-6
-5 - (-58 + 56 + (1 - 10))
6
What is (-5 - (4 - 0 - 6)) + 3?
0
What is (-3 - -4 - 2) + (-2 - 1)?
-4
Calculate 2 + (-6 - -1) + (7 - 10).
-6
Evaluate (7 - (4 - 0)) + -2.
1
Evaluate (8 - 13) + (1 - 3) + 1.
-6
What is -6 + (1 - (4 - 7))?
-2
What is the value of -2 - (12 + 6 + -13)?
-7
What is -1 + -3 + 3 + -4 - -4?
-1
4 - (2 - -10) - (-1 + -5)
-2
What is -2 + 4 + -1 - 3 - -3?
1
What is -15 - ((0 - 6 - 1) + 0)?
-8
What is (5 - 14) + 8 - -1?
0
Calculate 4 - (-6 + -4 + 5 + 5).
4
Calculate 8 + -6 + (-3 - 0).
-1
What is the value of (-57 - -59) + (-2 - 1 - 1)?
-2
What is the value of -41 + 34 - (0 - (6 - 2))?
-3
(7 - 6) + 1 + -1
1
Evaluate 5 + 0 + -5 + -2 + 2.
0
What is the value of 0 + (3 - 8) + 2?
-3
Evaluate -3 + 6 + (1 - (3 + 0)).
1
What is 1 + -7 + -1 - (0 + -12)?
5
7 - (17 - -1) - -16
5
-4 + -2 - (-3 - 0)
-3
What is the value of (-1 - (-4 + 15)) + 6?
-6
Calculate 0 + -1 + 153 + -156.
-4
Evaluate -12 - (-19 + 10) - (8 - 3).
-8
Calculate -2 + 3 - (1 + 3).
-3
What is the value of -12 + -3 - -8 - -12?
5
Calculate 0 + 3 - (1 + 3).
-1
Calculate 1 + (2 - (-1 - -6)).
-2
What is -8 + 8 - (6 + -12 - 1)?
7
What is -1 + 5 + 4 - 8?
0
Evaluate (-3 - 0 - -4) + -2.
-1
(13 + 1 - 11) + 3
6
Calculate (1 + 5 - -8) + -8.
6
What is the value of (72 - 76) + (0 - -8)?
4
-1 - (-2 + 1) - (173 + -172)
-1
Calculate (-16 - -13) + (-3 - (-2 + 1)).
-5
What is the value of -24 + (30 - 15) + 6 + -1?
-4
-3 - -4 - 2 - 1 - 1
-3
Evaluate 12 + -9 - (4 - -7).
-8
(2 - 4) + (-5 - (6 + -8))
-5
-4 + (3 - 7) + 10
2
What is 3 + -1 + 2 - (7 + -2)?
-1
Calculate -6 + 4 + 3 + -8.
-7
What is -7 + (0 - -4) + -5 + 5?
-3
Calculate -7 + (11 - 18) + 23.
9
What is (-4 - -1) + (2 - 2)?
-3
Calculate 2 + (1 + -5 - (-49 - -50)).
-3
-5 + (3 - 3) + 1
-4
9 - (2 - 1 - -3)
5
What is -1 + 3 + -2 - (8 + -13)?
5
-1 - -2 - (-5 + 7 - 1)
0
What is 3 + (-1 + -2 - 2)?
-2
Evaluate -1 + (5 - 0) - (3 + 7).
-6
Calculate (-4 - 2) + 3 + 4.
1
What is the value of 4 - (0 - -4 - (1 - -10))?
11
What is the value of -10 + -4 + 22 + -11?
-3
Calculate -3 - 11 - (-12 - (-4 + -1)).
-7
Evaluate 0 + 4 - 5 - (0 + 1).
-2
Calculate (0 - -4) + (-5 - -6 - 8).
-3
What is the value of -8 - (1 - 6 - -2)?
-5
What is (2 - 2) + (-7 - -2 - 1)?
-6
What is -2 - -5 - 10 - -2?
-5
What is 3 + 10 - (8 - 4 - 0)?
9
Calculate -5 + 2 - (6 - 5).
-4
Calculate 6 + (5 + -19 - -6).
-2
Evaluate 0 + 5 + (-1 - 4).
0
Calculate -42 + 42 + (-4 - 0).
-4
What is -17 + (-7 - (-10 - 8))?
-6
Calculate 1 + 5 + -22 + 13.
-3
What is -3 - (-7 + (4 - 1))?
1
Evaluate -2 - (-11 + 2) - 2.
5
Calculate -1 - (3 + -7 - -3).
0
What is the value of 22 + -24 + (1 - 1)?
-2
Evaluate -31 + 40 + -1 + -7.
1
What is the value of -11 + 4 + -3 + 2 + 3?
-5
0 + -9 - (6 - 11)
-4
Evaluate 0 + (-8 - -2) + -2.
-8
Calculate (5 + -5 - -1) + 3 + 2.
6
(2 - 8) + 11 + -10
-5
What is 3 + -3 + (9 - 5)?
4
Calculate 17 + 1 + -15 + (-4 - 0).
-1
Evaluate (5 - 0) + -2 - 0.
3
Evaluate 0 + (4 - 8) + 3.
-1
Evaluate 0 - -1 - (4 - (3 + 3)).
3
What is (-54 - -45) + 8 + -1?
-2
Calculate -1 + 11 + (-8 + 1 - -6).
9
-1 - -2 - (0 + (14 - 9))
-4
Evaluate (11 - 14) + 2 - (0 + -5).
4
(4 - 8) + -2 + 6
0
Evaluate 4 - ((-4 - -3) + 2) - 4.
-1
1 - (5 + -1 + 0)
-3
Calculate 7 - (-4 + 7 - 0).
4
What is the value of -5 + 8 + -9 + 3 + 1?
-2
Evaluate -1 + -1 + 1 + (-1 - 4).
-6
Evaluate (-3 - (7 - 6)) + 1.
-3
-7 + -1 - (-1 + -2)
-5
What is -4 + -1 + -3 + (28 - 20)?
0
What is -1 - 2 - (4 - (-1 + 5))?
-3
What is the value of -2 - ((-3 - 2) + -2 + 7)?
-2
-5 - -10 - (4 + -3)
4
6 + 2 + -5 + 4 + -3
4
What is the value of 4 - (0 + 0 - (-7 + 7))?
4
What is -5 - -1 - (17 - 26)?
5
-2 - (-2 - -2 - (5 + -6))
-3
What is -31 + 38 + -1 + -1?
5
Evaluate (4 - 1 - -1) + (-101 - -93).
-4
What is the value of 0 + (-1 - (-6 + 6)) - -1?
0
What is 0 + 8 + 0 + -4?
4
Calculate -2 + (2 - (3 + -6 + 2)).
1
What is the value of (7 + -2 - 8) + -1 + 0?
-4
What is the value of (-1 - (-1 - 1)) + 2?
3
Calculate -1 + 7 + (119 - 121).
4
Calculate -15 + 18 + (0 - 0) + -1.
2
What is (4 + -3 - -1) + -1 + 1?
2
Calculate -4 + 4 + -4 + 4.
0
Evaluate (6 - 5) + 0 + 8.
9
Evaluate -5 + 11 - (11 - 4).
-1
What is 2 - (-2 + 0 - (9 + -13))?
0
What is the value of -2 + 0 - (4 - 6)?
0
What is -15 - -16 - (5 + (0 - 1))?
-3
What is the value of 1 - (-3 + 5 - 4)?
3
What is the value of 10 - (-3 - -4 - -4) - 2?
3
Evaluate -9 + (-5 - 4) + 11.
-7
What is the value of 8 + -10 + (10 - 1)?
7
-6 + (-10 - -24) + -5 + 6
9
Calculate (-60 - -68) + (1 - 19).
-10
-109 + 111 + 2 + -3 + 1
2
What is the value of 2 - 4 - (2 + -6)?
2
-14 - 0 - (42 + -52)
-4
What is -1 + (4 - (6 + -5))?
2
Calculate -72 + 72 + (-2 - -1).
-1
Evaluate -10 - ((-14 - -7) + 8).
-11
Calculate (2 - 3) + -1 + 3.
1
-1 + 0 + (-9 - (-4 - 4))
-2
Evaluate 1 + -1 + -7 + 3.
-4
2 - (5 - (-4 - -11) - -4)
0
What is the value of 20 + -21 - (-9 - -1)?
7
Evaluate (-29 - -32) + 2 + -9.
-4
(-2 - 1) + 7 + -11
-7
Calculate (0 - (-5 - -8)) + 11 + -7.
1
Calculate (0 - -5) + -5 + -4.
-4
Evaluate (-1 - -6) + 33 + -37.
1
What is the value of 2 - ((-4 - -4) + 0) - 4?
-2
4 + (2 - 6) + 0
0
What is 4 + 7 + -8 - 1?
2
What is 0 + (6 - -1) + (-6 - -8)?
9
What is the value of -2 + -4 - (-7 - 3)?
4
2 + -5 + (1 - -4) + 4
6
Calculate (-16 - -7) + -1 + 2.
-8
Calculate -5 - -4 - (8 + -2).
-7
What is 7 + -3 + (-2 - -2) - -1?
5
Evaluate (12 - 2) + -8 + -12.
-10
5 + -5 + (0 - 1 - 1)
-2
What is (-4 - (5 - 12)) + -7?
-4
Calculate -1 - (3 - 2) - (14 - 12).
-4
0 + (3 - (-1 - -1))
3
Calculate (1 + -1 + 0 - 0) + 1.
1
Evaluate 3 - (4 - (4 - 2)) - 1.
0
What is (7 - 3 - (4 - -1)) + 6?
5
1 + -6 + 0 + -1 - 2
-8
What is the value of (-1 - 0) + (5 - 2)?
2
-4 + (3 - 3) + 6 + -5
-3
Calculate (-4 - -3) + (3 - 1).
1
(-4 - (-5 + 8)) + 1
-6
What is (-1 - -9) + -2 - 11?
-5
7 + -16 + 7 + -1
-3
Calculate (1 - 5) + (2 - (3 + 6)).
-11
0 + (-5 - -1) + 9
5
-2 - (0 + -6 - -8)
-4
What is 66 - 66 - (1 + 1)?
-2
Evaluate 0 + 1 - (14 + -11).
-2
Calculate 12 + (-2 - 17) - 0.
-7
Calculate -4 + (1 - (-3 + -2)).
2
What is the value of -7 - ((5 - 11) + -1)?
0
Evaluate (111 - 102) + 0 + -1 + -3.
5
What is the value of 11 + (-3 - -2) - (-38 - -40)?
8
What is 5 + (-4 - 0 - -1) + -4?
-2
What is the value of -2 + (3 - 0 - (3 - 3))?
1
1 + 2 + -6 - -4
1
(4 + -1 - 0) + (1 - 1)
3
-2 - 8 - (-43 - -29)
4
What is the value of 7 + (-2 - -2 - (14 - 8))?
1
-47 - -49 - (1 - -2 - 2)
1
What is -6 - ((-7 - -4) + -1)?
-2
What is the value of (-1 + 5 - 0) + 1?
5
Evaluate -1 + (-2 - -7) + (-11 - -1).
-6
Evaluate 1 + 0 + -4 - (-3 + 2).
-2
Evaluate -6 + 0 - -9 - 1.
2
Evaluate (-20 - -27) + -2 + -11.
-6
What is 2 + -2 - (-3 - (-2 + 3))?
4
Calculate (-8 + 4 - -3) + 5.
4
(-9 + (6 - 3) - -3) + -3
-6
6 - (53 + -46 - (5 + 0))
4
What is the value of 2 + -7 + (1 + 9 - 6)?
-1
-1 + 2 + 44 + -41
4
What is (-1 - -1) + (-2 - -1)?
-1
6 + 11 + -32 + 11
-4
What is the value of 5 + -11 + 0 - -2?
-4
Calculate -3 + (1 - (-2 + -1)).
1
What is the value of -8 - (-2 + -4 + (-1 - -4))?
-5
Evaluate -2 + 1 - (2 - (1 + -6)).
-8
2 + -4 - (9 + -9)
-2
What is 4 - 2 - (-4 - (0 - 4))?
2
Evaluate 0 - (-5 + 3 - (-2 + 2)).
2
What is the value of -2 + (3 - 2) + -4 + 2?
-3
What is the value of -1 - (-1 + 1) - -2?
1
Evaluate 12 - 5 - (21 - 15).
1
(-10 - -2 - -2) + (6 - 8)
-8
1 + (-4 + 2 - -5)
4
What is -1 + (51 - 47) + (0 - 0)?
3
-6 - ((-5 - -1) + -1)
-1
-2 + (3 - (-4 - -3 - -5))
-3
(-15 - -11) + (1 - -6) + -1
2
Calculate -6 + 9 + 8 - 4.
7
What is the value of (4 - 8) + 11 + (-5 - 2)?
0
Evaluate 1 + -4 - (-3 + -3).
3
Evaluate 3 - (4 + -1 + 5).
-5
-3 + 0 - (-3 + (4 - 5))
1
What is the value of 3 - (-5 + -6 + 6 + 6)?
2
Evaluate 0 + 8 + (-9 - (-2 - 4)).
5
Calculate (0 - (-2 + -1)) + (-1 - 0).
2
Calculate 6 + (-15 - -3) + 1.
-5
5 - (3 - ((3 - 5) + 1))
1
What is -4 - (-1 + 3 + (-3 - 2))?
-1
Evaluate -3 + 6 - 7 - -5.
1
Calculate 3 - (-1 + -2) - (-27 - -29).
4
Calculate -3 - (1 + (-3 - -12) + -7).
-6
What is 5 + (0 + -2 - 7)?
-4
What is (-1 - 6) + -48 + 53?
-2
-4 - (-2 - (0 - 3))
-5
Calculate 4 + -5 + (-3 - -8).
4
1 + 2 + -36 + 41 - 6
2
What is the value of 5 + (1 - 7) + 0 + -6?
-7
(-4 - -6) + 5 + -9
-2
Calculate 5 + (6 - 1 - 9 - -3).
4
What is the value of (-2 + 10 - 6) + -3?
-1
(-2 - 1) + (7 - -2) + -5
1
What is the value of 3 - 3 - 2 - -6 - 5?
-1
What is the value of 9 + 0 + 1 + -11?
-1
-4 + -1 + (136 - 133)
-2
What is the value of 2 - (-4 + 7 - 0)?
-1
What is the 